)*(-1)/(-2). Suppose 5*s - 6650 = -5*p, 2642 = -t*s + 5*s - 4*p. Is s composite?
False
Is 331134/174 + 4/(-58) composite?
True
Is 5192/16 + 3/(-2) a prime number?
False
Suppose 4*v - 5*j = 46 + 30, 5*j = -20. Let w = v + -6. Let o(z) = 17*z - 3. Is o(w) a composite number?
True
Let t(w) = 5 + 40*w**2 - w + 3 - 29*w**2 - 1. Is t(-6) prime?
True
Suppose -5*d = 4*p - 10180, 3*p + 8105 = 4*d - 8. Suppose -2*g + d = 2*g. Let b = -295 + g. Is b composite?
True
Let v(a) = -737*a + 687. Is v(-10) a prime number?
False
Suppose -4*x - 13*s = -12*s - 172153, 4*s - 20 = 0. Is x composite?
False
Let d(v) = -6*v**2 + 3*v + 1. Let q(g) = 7*g**2 - 3*g - 2. Let c(f) = 3*d(f) + 2*q(f). Let z be c(3). Let s = -18 - z. Is s composite?
True
Suppose 2*r + 61170 = 17*r. Is r a composite number?
True
Let t be (-2)/4 - 18/(-4). Suppose 472 = -5*q - v + 2871, 1900 = 4*q - t*v. Is q composite?
False
Let r be 1/(-1)*(-24)/(-8). Let q be 5/(-1 + r + 5). Suppose q*t = 2*t + 651. Is t a composite number?
True
Suppose -41*j = 67885 - 607650. Is j composite?
True
Is 4/(10 + 2)*19455 prime?
False
Suppose 301221 = 43*b + 100712. Is b a composite number?
False
Suppose -153 = -5*m - 13. Suppose -m = -p + 403. Is p prime?
True
Suppose -4*n + 28 = -3*w, -w + 0*w + 3*n - 16 = 0. Let t be -1 + w/2 + -31. Let z = t - -65. Is z a prime number?
True
Let b = -426 - -933. Let r = 902 - b. Is r a prime number?
False
Let b = 10 - 2. Let k be 4/(b/4)*2. Suppose -7*y = -k*y - 3297. Is y prime?
False
Suppose 25 = 5*r, -2*v + 2502 = 2*v - 2*r. Suppose -5*d - v = -3*i, 5*i = 2*d - d + 1054. Is i composite?
False
Let y be (195 - (-5 + 4)) + 4. Suppose -y = -5*x + 3*n, -x + 2*x + 3*n - 22 = 0. Is x prime?
True
Let l = -29178 - -49515. Is l a composite number?
True
Let z(n) = 32*n**2 + 8*n + 15. Is z(7) composite?
True
Let b(x) = x**2 - 2*x + 579. Let l(v) = -v + 14. Let f be l(14). Is b(f) a prime number?
False
Let a(f) = 3*f**2 + 13*f + 16. Let o(u) = -2*u**2 - 9*u - 11. Let m(t) = -5*a(t) - 7*o(t). Let v be m(-12). Is 5*(3 + 1 - v) prime?
False
Let u(m) be the third derivative of m**8/6720 - m**7/1008 + 7*m**6/720 - m**5/60 + 2*m**2. Let y(h) be the third derivative of u(h). Is y(7) a composite number?
True
Is 6 - 12 - (-12472 - -8) a composite number?
True
Suppose -4*z + 11 = -1. Suppose 2*o + 1110 = -z*o. Is (o/4)/(9/(-18)) composite?
True
Is -2 - -1*(-114054)/(-6) - -2 prime?
True
Let o = 155 + -71. Suppose -5*h - 34 = -o. Is (-382)/(-4) - (-15)/h a composite number?
False
Suppose 5*b = 10, -3*b - 6 = 4*h - 4*b. Let k(y) = -740*y**3 + y. Is k(h) a prime number?
True
Let p be 1/(-1) - (-24)/8. Suppose 4*j = -2*l - 11 - 5, p*l = j - 1. Is j*1 - 4620/(-6) a prime number?
False
Suppose g + 0*g - 48 = 0. Is (-2 - g/(-28)) + (-36558)/(-14) a prime number?
False
Let r(f) = -84*f + 8. Let a = 6 - 14. Let s be r(a). Suppose s = 4*l - 60. Is l composite?
True
Let o(x) = -2*x**2 - 9*x + 9. Let p be o(-5). Suppose -522 = -2*y - g - 3*g, -y - p*g + 271 = 0. Is y a prime number?
True
Let n be (1 + -1)/((7 - 4)/3). Let y = -177 - -255. Suppose n*f = 3*f - y. Is f a prime number?
False
Is 1 - 1*-1780 - 0 prime?
False
Suppose 0*p - z - 130569 = -4*p, -4*z - 32661 = -p. Is p a prime number?
False
Let k = -1432 - -2100. Suppose 7*f = -199 + k. Is f a composite number?
False
Let f = -7 - -7. Suppose a - 21 - 2 = f. Is a a composite number?
False
Is (2 + -4)*24609/(-26) a prime number?
False
Let w = 13 - 11. Let i(u) = -u**2 - u + 4. Let f be i(w). Is ((-6)/12)/(f/204) composite?
True
Let p(g) = 3 - 4*g + 5*g - 34 - 15*g. Is p(-15) prime?
True
Let i = -1736 + 4305. Is i a composite number?
True
Suppose -10 = 3*n - 4*b, -2*n - b - 15 = -n. Let w be 2/n - (-20598)/15. Let v = -444 + w. Is v a prime number?
True
Is 36/(-30) - 258307/(-35) prime?
False
Let p be (-3)/(-2)*(-33 + -7). Let m be 3*(-4)/(p/8545). Suppose 0 = -2*h + m + 617. Is h composite?
False
Let j(b) = b**2 - b + 1. Let m(f) = 23*f**2 + 3*f - 14. Let i(l) = -3*j(l) + m(l). Is i(-6) a composite number?
True
Let d = -9 - -12. Suppose -d*v - 2*v + 2660 = -x, -3*v + 1624 = 5*x. Is v a composite number?
True
Let k be 3 - 2639/56 - (-2)/16. Let c = -111 - -48. Let i = k - c. Is i prime?
True
Let n(q) = 111*q**2 - 4*q - 37. Let s(d) = d**2 - d - 1. Let z(v) = n(v) - 6*s(v). Is z(4) a prime number?
True
Let m be ((-1)/3)/(-3 + (-20042)/(-6681)). Suppose -5*d + 3*r + 4891 = 0, m + 2660 = 5*d - r. Is d a composite number?
False
Let d(y) = 8*y**2 + 7*y + 16. Let s be d(-14). Suppose -384 - s = -10*r. Is r prime?
False
Suppose 2*k + 2948 = 114. Let s = -944 - k. Is s prime?
False
Let g be 3/(-4) - 112710/24. Is (-4)/6 + g/(-21) composite?
False
Let k be (21/3)/(-1 - -2). Let c be 145/35 - 1/k. Suppose 4*n - 3*n - 2564 = -c*u, -3*u + 1923 = -4*n. Is u a composite number?
False
Suppose 0 = -r - 2*f + 2 + 6, -r - 13 = -5*f. Suppose 0 = 6*u - r*u - 20. Is 7*u - (-4 - -2) composite?
False
Suppose 15411 = 375*g - 372*g. Is g a composite number?
True
Is 5*((-1 - -12399) + -3 - 4) a prime number?
False
Suppose -3*f - f = 88. Let j = f - -28. Suppose -w - 1655 = -j*w. Is w composite?
False
Let j = -141 + 676. Is j a composite number?
True
Let l(s) be the third derivative of s**8/20160 + s**7/1008 + s**6/144 + s**5/15 - 4*s**2. Let m(x) be the third derivative of l(x). Is m(-14) prime?
True
Let j = 220 + -125. Let n = 7 + j. Let q = 99 + n. Is q a composite number?
True
Let c = -285 + 758. Is c composite?
True
Suppose 0 = -26*b - 44*b + 220570. Is b composite?
True
Suppose 4 = -2*a + a, 0 = 3*p + 2*a + 2. Suppose p*j + 3*j - 25 = 0, -75 = -t - 4*j. Is t a composite number?
True
Suppose -920 = -10*z + 650. Is z a composite number?
False
Let j be ((-24)/4)/(3/4). Is j/20 - (-11985)/25 a composite number?
False
Let r = 62 + -66. Is -8 - r - (-299 - (-3 + 1)) a prime number?
True
Let k(g) = -g**3 - 6*g**2 + 7*g + 10. Let j be k(-7). Suppose -4*f + j = f. Suppose f*h = 3*n + h - 179, -n - 4*h + 38 = 0. Is n composite?
True
Let r(x) be the second derivative of -17*x**3/3 - 33*x**2/2 + 8*x. Is r(-16) a composite number?
True
Suppose 11*w = 6*w + 20, -j = -4*w - 195. Let l = j - 62. Is l a prime number?
True
Let o(u) = -4*u**3 - 17*u**2 + 23*u + 10. Let i(q) = 0*q**2 + 6*q**2 + 6*q**2 - 3*q**2 - 5 - 11*q + 2*q**3. Let l(j) = -5*i(j) - 2*o(j). Is l(-9) composite?
False
Suppose -3*z = -9*z + 24. Suppose z = 4*w - 12. Is 947/w + (-4)/(-16) composite?
True
Let i = 11159 + -7662. Is i composite?
True
Let i(r) = r**3 + 9*r**2 - r - 7. Let h be i(-9). Let v be h/9 - (-100)/36. Suppose -v*s - x + 151 + 84 = 0, -x = -s + 73. Is s a composite number?
True
Suppose -16 = -5*u + q + 8, 2*q = -4*u + 8. Suppose 0 = -4*f + u*h + 2312, -h - h + 1176 = 2*f. Is f a composite number?
True
Let n = -77 + -49. Let w = -72 - n. Let v = -35 + w. Is v prime?
True
Let d = 4224 + -1741. Is d a composite number?
True
Suppose 25*c = 26*c - 448. Is (c - 0) + 6*(-1)/(-6) a prime number?
True
Let g be (-2 + 4)*(-63)/(-14). Suppose g*f + 192 = 5*f. Let z = f + 127. Is z a prime number?
True
Let r = -686 + 2396. Suppose -r = -4*m + 1238. Is m composite?
True
Let t be -25*(-3 - 39/(-15)). Suppose -3*i + 5*r - 42 = -t, i - 4*r = -6. Is (-10276)/i*3/2 prime?
False
Let t(q) = -11*q + 64*q + 10*q - 52. Is t(9) a composite number?
True
Let l(n) = 7*n**2 + 2*n. Let q be l(2). Let j be ((-5)/4)/((-8)/q). Suppose 4*x = -j*u + 822, -4*x + 475 + 339 = u. Is x prime?
False
Suppose 0 = 101*h - 96*h - 68995. Is h prime?
True
Let x(y) = -2*y**3 - y**2 + 5*y + 9. Let a be x(5). Let o = 654 + a. Is o prime?
False
Let r(j) = 257*j**2 - 5*j + 3. Is r(-2) a prime number?
False
Let h(t) = t**3 - 15*t**2 - 24*t + 1. Suppose 3*u = -4*n + 63, 4*n - 6*n = -4*u - 48. Is h(n) a prime number?
True
Let r(h) = -h**3 + 2*h**2 - 3*h + 209. Is r(0) prime?
False
Suppose -3*c = d - 9, 2*d = c - 2*c + 3. Suppose -8*t + 294 - 46 = d. Is t composite?
False
Let a(p) = p**3 - 6*p**2 + 5*p + 7. Let d(q) = 9*q**2. Let n be d(1). Suppose 3*f = -2*s + n, -23 = -s - 2*s + 5*f. Is a(s) a composite number?
False
Let l = 0 + 9. Suppose -2*u + 32 = -3*r + 11, -2*u - 3*r = l. Let i = u + 4. Is i composite?
False
Let q(g) = -73*g**3 - g**2 + g + 2. Let f be q(-1). Suppose 2*p = 97 + f. Is p a prime number?
False
Let a(s) = 151*s - 1. Let f = 34 - 10. Let p = f